{"id":65,"date":"2021-12-03T15:15:21","date_gmt":"2021-12-03T14:15:21","guid":{"rendered":"http:\/\/uneplaceausoleil.fr\/?page_id=65"},"modified":"2022-07-18T17:16:06","modified_gmt":"2022-07-18T15:16:06","slug":"la-maison","status":"publish","type":"page","link":"https:\/\/uneplaceausoleil.fr\/index.php\/la-maison\/","title":{"rendered":"La propri\u00e9t\u00e9 dans son ensemble"},"content":{"rendered":"\n<p>Cette grande maison de 240 m2 a une longue histoire. Auparavant, une grange et un s\u00e9choir a tabac prenaient place \u00e0 cet endroit. Dans les ann\u00e9es 1990, le b\u00e2timent a \u00e9t\u00e9 enti\u00e8rement reconstruit en logement d&rsquo;habitation tout confort.<\/p>\n\n\n\n<p>La maison des propri\u00e9taires est toute proche puisque l&rsquo;ensemble formait \u00e0 l&rsquo;\u00e9poque une ferme. Aujourd&rsquo;hui les espaces sont con\u00e7us pour que les locataires des g\u00eetes aient \u00e0 leur disposition un grand espace ext\u00e9rieur en toute intimit\u00e9. Un vaste jardin arbor\u00e9 donnant sur la for\u00eat, une piscine de 5mx12m et 2 terrasses orient\u00e9es Sud et Ouest vous sont d\u00e9di\u00e9s. <\/p>\n\n\n\n<figure class=\"wp-block-image size-large\"><img loading=\"lazy\" decoding=\"async\" width=\"1024\" height=\"768\" src=\"http:\/\/uneplaceausoleil.fr\/wp-content\/uploads\/2022\/07\/maison-vue-sud-ouest-1024x768.jpg\" alt=\"\" class=\"wp-image-200\" srcset=\"https:\/\/uneplaceausoleil.fr\/wp-content\/uploads\/2022\/07\/maison-vue-sud-ouest-1024x768.jpg 1024w, https:\/\/uneplaceausoleil.fr\/wp-content\/uploads\/2022\/07\/maison-vue-sud-ouest-300x225.jpg 300w, https:\/\/uneplaceausoleil.fr\/wp-content\/uploads\/2022\/07\/maison-vue-sud-ouest-768x576.jpg 768w, https:\/\/uneplaceausoleil.fr\/wp-content\/uploads\/2022\/07\/maison-vue-sud-ouest-1536x1152.jpg 1536w, https:\/\/uneplaceausoleil.fr\/wp-content\/uploads\/2022\/07\/maison-vue-sud-ouest-2048x1536.jpg 2048w\" sizes=\"auto, (max-width: 1024px) 100vw, 1024px\" \/><\/figure>\n\n\n\n<figure class=\"wp-block-gallery has-nested-images columns-default is-cropped wp-block-gallery-1 is-layout-flex wp-block-gallery-is-layout-flex\">\n<figure class=\"wp-block-image size-large\"><img loading=\"lazy\" decoding=\"async\" width=\"1024\" height=\"679\" data-id=\"144\" src=\"http:\/\/uneplaceausoleil.fr\/wp-content\/uploads\/2022\/04\/Vue-exterieure-cote-Ouest-1024x679.jpg\" alt=\"\" class=\"wp-image-144\" srcset=\"https:\/\/uneplaceausoleil.fr\/wp-content\/uploads\/2022\/04\/Vue-exterieure-cote-Ouest-1024x679.jpg 1024w, https:\/\/uneplaceausoleil.fr\/wp-content\/uploads\/2022\/04\/Vue-exterieure-cote-Ouest-300x199.jpg 300w, https:\/\/uneplaceausoleil.fr\/wp-content\/uploads\/2022\/04\/Vue-exterieure-cote-Ouest-768x509.jpg 768w, https:\/\/uneplaceausoleil.fr\/wp-content\/uploads\/2022\/04\/Vue-exterieure-cote-Ouest-1536x1018.jpg 1536w, https:\/\/uneplaceausoleil.fr\/wp-content\/uploads\/2022\/04\/Vue-exterieure-cote-Ouest.jpg 1971w\" sizes=\"auto, (max-width: 1024px) 100vw, 1024px\" \/><\/figure>\n\n\n\n<figure class=\"wp-block-image size-large\"><img loading=\"lazy\" decoding=\"async\" width=\"1024\" height=\"1024\" data-id=\"196\" src=\"http:\/\/uneplaceausoleil.fr\/wp-content\/uploads\/2022\/07\/220702-jardin-cote-portail-1024x1024.jpg\" alt=\"\" class=\"wp-image-196\" srcset=\"https:\/\/uneplaceausoleil.fr\/wp-content\/uploads\/2022\/07\/220702-jardin-cote-portail-1024x1024.jpg 1024w, https:\/\/uneplaceausoleil.fr\/wp-content\/uploads\/2022\/07\/220702-jardin-cote-portail-300x300.jpg 300w, https:\/\/uneplaceausoleil.fr\/wp-content\/uploads\/2022\/07\/220702-jardin-cote-portail-150x150.jpg 150w, https:\/\/uneplaceausoleil.fr\/wp-content\/uploads\/2022\/07\/220702-jardin-cote-portail-768x768.jpg 768w, https:\/\/uneplaceausoleil.fr\/wp-content\/uploads\/2022\/07\/220702-jardin-cote-portail.jpg 1496w\" sizes=\"auto, (max-width: 1024px) 100vw, 1024px\" \/><\/figure>\n<\/figure>\n","protected":false},"excerpt":{"rendered":"<p>Cette grande maison de 240 m2 a une longue histoire. Auparavant, une grange et un s\u00e9choir a tabac prenaient place \u00e0 cet endroit. Dans les [&#8230;]<\/p>\n","protected":false},"author":1,"featured_media":0,"parent":0,"menu_order":0,"comment_status":"closed","ping_status":"closed","template":"","meta":{"footnotes":""},"class_list":["post-65","page","type-page","status-publish","hentry"],"_links":{"self":[{"href":"https:\/\/uneplaceausoleil.fr\/index.php\/wp-json\/wp\/v2\/pages\/65","targetHints":{"allow":["GET"]}}],"collection":[{"href":"https:\/\/uneplaceausoleil.fr\/index.php\/wp-json\/wp\/v2\/pages"}],"about":[{"href":"https:\/\/uneplaceausoleil.fr\/index.php\/wp-json\/wp\/v2\/types\/page"}],"author":[{"embeddable":true,"href":"https:\/\/uneplaceausoleil.fr\/index.php\/wp-json\/wp\/v2\/users\/1"}],"replies":[{"embeddable":true,"href":"https:\/\/uneplaceausoleil.fr\/index.php\/wp-json\/wp\/v2\/comments?post=65"}],"version-history":[{"count":10,"href":"https:\/\/uneplaceausoleil.fr\/index.php\/wp-json\/wp\/v2\/pages\/65\/revisions"}],"predecessor-version":[{"id":208,"href":"https:\/\/uneplaceausoleil.fr\/index.php\/wp-json\/wp\/v2\/pages\/65\/revisions\/208"}],"wp:attachment":[{"href":"https:\/\/uneplaceausoleil.fr\/index.php\/wp-json\/wp\/v2\/media?parent=65"}],"curies":[{"name":"wp","href":"https:\/\/api.w.org\/{rel}","templated":true}]}}

La propriété dans son ensemble

<p>Cette grande maison de 240 m2 a une longue histoire. Auparavant, une grange et un séchoir a tabac prenaient place à cet endroit. Dans les années 1990, le bâtiment a été entièrement reconstruit en logement d&rsquo;habitation tout confort.</p>



<p>La maison des propriétaires est toute proche puisque l&rsquo;ensemble formait à l&rsquo;époque une ferme. Aujourd&rsquo;hui les espaces sont conçus pour que les locataires des gîtes aient à leur disposition un grand espace extérieur en toute intimité. Un vaste jardin arboré donnant sur la forêt, une piscine de 5mx12m et 2 terrasses orientées Sud et Ouest vous sont dédiés. </p>



<figure class="wp-block-image size-large"><img loading="lazy" decoding="async" width="1024" height="768" src="http://uneplaceausoleil.fr/wp-content/uploads/2022/07/maison-vue-sud-ouest-1024x768.jpg" alt="" class="wp-image-200" srcset="https://uneplaceausoleil.fr/wp-content/uploads/2022/07/maison-vue-sud-ouest-1024x768.jpg 1024w, https://uneplaceausoleil.fr/wp-content/uploads/2022/07/maison-vue-sud-ouest-300x225.jpg 300w, https://uneplaceausoleil.fr/wp-content/uploads/2022/07/maison-vue-sud-ouest-768x576.jpg 768w, https://uneplaceausoleil.fr/wp-content/uploads/2022/07/maison-vue-sud-ouest-1536x1152.jpg 1536w, https://uneplaceausoleil.fr/wp-content/uploads/2022/07/maison-vue-sud-ouest-2048x1536.jpg 2048w" sizes="auto, (max-width: 1024px) 100vw, 1024px" /></figure>



<figure class="wp-block-gallery has-nested-images columns-default is-cropped wp-block-gallery-1 is-layout-flex wp-block-gallery-is-layout-flex">
<figure class="wp-block-image size-large"><img loading="lazy" decoding="async" width="1024" height="679" data-id="144" src="http://uneplaceausoleil.fr/wp-content/uploads/2022/04/Vue-exterieure-cote-Ouest-1024x679.jpg" alt="" class="wp-image-144" srcset="https://uneplaceausoleil.fr/wp-content/uploads/2022/04/Vue-exterieure-cote-Ouest-1024x679.jpg 1024w, https://uneplaceausoleil.fr/wp-content/uploads/2022/04/Vue-exterieure-cote-Ouest-300x199.jpg 300w, https://uneplaceausoleil.fr/wp-content/uploads/2022/04/Vue-exterieure-cote-Ouest-768x509.jpg 768w, https://uneplaceausoleil.fr/wp-content/uploads/2022/04/Vue-exterieure-cote-Ouest-1536x1018.jpg 1536w, https://uneplaceausoleil.fr/wp-content/uploads/2022/04/Vue-exterieure-cote-Ouest.jpg 1971w" sizes="auto, (max-width: 1024px) 100vw, 1024px" /></figure>



<figure class="wp-block-image size-large"><img loading="lazy" decoding="async" width="1024" height="1024" data-id="196" src="http://uneplaceausoleil.fr/wp-content/uploads/2022/07/220702-jardin-cote-portail-1024x1024.jpg" alt="" class="wp-image-196" srcset="https://uneplaceausoleil.fr/wp-content/uploads/2022/07/220702-jardin-cote-portail-1024x1024.jpg 1024w, https://uneplaceausoleil.fr/wp-content/uploads/2022/07/220702-jardin-cote-portail-300x300.jpg 300w, https://uneplaceausoleil.fr/wp-content/uploads/2022/07/220702-jardin-cote-portail-150x150.jpg 150w, https://uneplaceausoleil.fr/wp-content/uploads/2022/07/220702-jardin-cote-portail-768x768.jpg 768w, https://uneplaceausoleil.fr/wp-content/uploads/2022/07/220702-jardin-cote-portail.jpg 1496w" sizes="auto, (max-width: 1024px) 100vw, 1024px" /></figure>
</figure>

<p>Cette grande maison de 240 m2 a une longue histoire. Auparavant, une grange et un séchoir a tabac prenaient place à cet endroit. Dans les [&#8230;]</p>
